{"id":18605,"date":"2025-09-15T17:48:03","date_gmt":"2025-09-15T21:48:03","guid":{"rendered":"http:\/\/192.168.179.253:8080\/?post_type=normativa&#038;p=18605"},"modified":"2025-09-15T17:48:03","modified_gmt":"2025-09-15T21:48:03","slug":"ley-marco-de-autonomias-y-descentralizacion-andres-ibanez","status":"publish","type":"normativa","link":"https:\/\/www.fonabosque.gob.bo\/index.php\/normativa\/ley-marco-de-autonomias-y-descentralizacion-andres-ibanez\/","title":{"rendered":"LEY MARCO DE AUTONOM\u00cdAS Y DESCENTRALIZACI\u00d3N \u201cANDR\u00c9S IB\u00c1\u00d1EZ\u201d"},"featured_media":0,"template":"","meta":{"_acf_changed":false},"class_list":["post-18605","normativa","type-normativa","status-publish","hentry"],"acf":[],"_links":{"self":[{"href":"https:\/\/www.fonabosque.gob.bo\/index.php\/wp-json\/wp\/v2\/normativa\/18605","targetHints":{"allow":["GET"]}}],"collection":[{"href":"https:\/\/www.fonabosque.gob.bo\/index.php\/wp-json\/wp\/v2\/normativa"}],"about":[{"href":"https:\/\/www.fonabosque.gob.bo\/index.php\/wp-json\/wp\/v2\/types\/normativa"}],"wp:attachment":[{"href":"https:\/\/www.fonabosque.gob.bo\/index.php\/wp-json\/wp\/v2\/media?parent=18605"}],"curies":[{"name":"wp","href":"https:\/\/api.w.org\/{rel}","templated":true}]}}

LEY MARCO DE AUTONOMÍAS Y DESCENTRALIZACIÓN “ANDRÉS IBÁÑEZ”
