{"id":1106,"date":"2024-04-08T21:55:09","date_gmt":"2024-04-08T19:55:09","guid":{"rendered":"http:\/\/localhost\/?page_id=1106"},"modified":"2025-10-30T10:22:49","modified_gmt":"2025-10-30T14:22:49","slug":"lista-direcciones-page","status":"publish","type":"page","link":"https:\/\/www.fonabosque.gob.bo\/index.php\/lista-direcciones-page\/","title":{"rendered":"Direcciones"},"content":{"rendered":"\n<div class=\"wp-block-group is-nowrap is-layout-flex wp-container-core-group-is-layout-ad2f72ca wp-block-group-is-layout-flex\"><\/div>\n\n\n\n<div class=\"wp-block-card-alargado-b-block container b-alargado-container\"><div class=\"row\"><div class=\"col-5\"><div class=\"row mt-3\"><h5 class=\"text-muted\">FONABOSQUE<\/h5><\/div><div class=\"row mb-3\"><p><i class=\"bi bi-geo-alt-fill me-2\"><\/i>Direcci\u00f3n:<\/p><p class=\"text-muted\">Calle Almirante Grau Nro. 557 Piso 5, entre Calle Zoilo Flores y Boquer\u00f3n, Zona San Pedro<\/p><\/div><div class=\"row mb-3\"><p><i class=\"bi bi-telephone-fill me-2\"><\/i>ATENCION AL PUBLICO:<\/p><p class=\"text-muted\">(591-2)2129838 &#8211; 2128772 Fax: (591-2)2128772<\/p><\/div><div class=\"row\"><p><i class=\"bi bi-clock me-2\"><\/i>Horarios de atenci\u00f3n:<\/p><p class=\"text-muted\">08:30 &#8211; 16:30<\/p><\/div><\/div><div class=\"col-7 mt-2\"><div id=\"map\" style=\"width:100%;height:300px\"><\/div><script>\n                                document.addEventListener(\"DOMContentLoaded\", function() {\n                                    const map = L.map(\"map\").setView([-16.503073695363575, -68.13759766479042], 13);\n                                    L.tileLayer('https:\/\/{s}.tile.openstreetmap.org\/{z}\/{x}\/{y}.png', {\n                                        maxZoom: 19,\n                                    }).addTo(map);\n                                    L.marker([-16.503073695363575, -68.13759766479042]).addTo(map);\n                                });\n                            <\/script><\/div><\/div><\/div>\n","protected":false},"excerpt":{"rendered":"<p>FONABOSQUE Direcci\u00f3n: Calle Almirante Grau Nro. 557 Piso 5, entre Calle Zoilo Flores y Boquer\u00f3n, Zona San Pedro ATENCION AL PUBLICO: (591-2)2129838 &#8211; 2128772 Fax: (591-2)2128772 Horarios de atenci\u00f3n: 08:30 &#8211; 16:30<\/p>\n","protected":false},"author":16,"featured_media":0,"parent":0,"menu_order":0,"comment_status":"closed","ping_status":"closed","template":"template\/direcciones-template.php","meta":{"_acf_changed":false,"footnotes":""},"class_list":["post-1106","page","type-page","status-publish","hentry"],"acf":[],"_links":{"self":[{"href":"https:\/\/www.fonabosque.gob.bo\/index.php\/wp-json\/wp\/v2\/pages\/1106","targetHints":{"allow":["GET"]}}],"collection":[{"href":"https:\/\/www.fonabosque.gob.bo\/index.php\/wp-json\/wp\/v2\/pages"}],"about":[{"href":"https:\/\/www.fonabosque.gob.bo\/index.php\/wp-json\/wp\/v2\/types\/page"}],"author":[{"embeddable":true,"href":"https:\/\/www.fonabosque.gob.bo\/index.php\/wp-json\/wp\/v2\/users\/16"}],"replies":[{"embeddable":true,"href":"https:\/\/www.fonabosque.gob.bo\/index.php\/wp-json\/wp\/v2\/comments?post=1106"}],"version-history":[{"count":6,"href":"https:\/\/www.fonabosque.gob.bo\/index.php\/wp-json\/wp\/v2\/pages\/1106\/revisions"}],"predecessor-version":[{"id":18960,"href":"https:\/\/www.fonabosque.gob.bo\/index.php\/wp-json\/wp\/v2\/pages\/1106\/revisions\/18960"}],"wp:attachment":[{"href":"https:\/\/www.fonabosque.gob.bo\/index.php\/wp-json\/wp\/v2\/media?parent=1106"}],"curies":[{"name":"wp","href":"https:\/\/api.w.org\/{rel}","templated":true}]}}