{"id":17504,"date":"2025-08-18T15:32:42","date_gmt":"2025-08-18T19:32:42","guid":{"rendered":"http:\/\/192.168.179.253:8080\/?page_id=17504"},"modified":"2025-08-28T15:22:17","modified_gmt":"2025-08-28T19:22:17","slug":"fuentes-de-financiamiento","status":"publish","type":"page","link":"https:\/\/www.fonabosque.gob.bo\/index.php\/fuentes-de-financiamiento\/","title":{"rendered":"Fuentes de Financiamiento"},"content":{"rendered":"\n<p>El Fondo Nacional de Desarrollo Forestal recibe financiamiento correspondiente al 10% de las patentes de aprovechamiento forestal m\u00e1s el 50% de las patentes de desmonte y los saldos l\u00edquidos de las multas y remates, para un fondo fiduciario destinado a aportes de contrapartida para la clasificaci\u00f3n, zonificaci\u00f3n, manejo y rehabilitaci\u00f3n de cuencas y tierras forestales, ordenamiento y manejo forestal, investigaci\u00f3n, capacitaci\u00f3n y transferencia de tecnolog\u00edas forestales, recaudados por la Autoridad de Fiscalizaci\u00f3n y Control Social de Bosques y Tierra (ABT).<\/p>\n\n\n\n<figure class=\"wp-block-image size-large\"><img loading=\"lazy\" decoding=\"async\" width=\"1024\" height=\"353\" src=\"http:\/\/192.168.179.253:8080\/wp-content\/uploads\/2025\/08\/Captura-1024x353.jpg\" alt=\"\" class=\"wp-image-17668\" srcset=\"https:\/\/www.fonabosque.gob.bo\/wp-content\/uploads\/2025\/08\/Captura-1024x353.jpg 1024w, https:\/\/www.fonabosque.gob.bo\/wp-content\/uploads\/2025\/08\/Captura-300x103.jpg 300w, https:\/\/www.fonabosque.gob.bo\/wp-content\/uploads\/2025\/08\/Captura-768x265.jpg 768w, https:\/\/www.fonabosque.gob.bo\/wp-content\/uploads\/2025\/08\/Captura.jpg 1437w\" sizes=\"auto, (max-width: 1024px) 100vw, 1024px\" \/><\/figure>\n","protected":false},"excerpt":{"rendered":"<p>El Fondo Nacional de Desarrollo Forestal recibe financiamiento correspondiente al 10% de las patentes de aprovechamiento forestal m\u00e1s el 50% de las patentes de desmonte y los saldos l\u00edquidos de las multas y remates, para un fondo fiduciario destinado a aportes de contrapartida para la clasificaci\u00f3n, zonificaci\u00f3n, manejo y rehabilitaci\u00f3n de cuencas y tierras forestales, [&hellip;]<\/p>\n","protected":false},"author":16,"featured_media":0,"parent":0,"menu_order":0,"comment_status":"closed","ping_status":"closed","template":"","meta":{"_acf_changed":false,"footnotes":""},"class_list":["post-17504","page","type-page","status-publish","hentry"],"acf":[],"_links":{"self":[{"href":"https:\/\/www.fonabosque.gob.bo\/index.php\/wp-json\/wp\/v2\/pages\/17504","targetHints":{"allow":["GET"]}}],"collection":[{"href":"https:\/\/www.fonabosque.gob.bo\/index.php\/wp-json\/wp\/v2\/pages"}],"about":[{"href":"https:\/\/www.fonabosque.gob.bo\/index.php\/wp-json\/wp\/v2\/types\/page"}],"author":[{"embeddable":true,"href":"https:\/\/www.fonabosque.gob.bo\/index.php\/wp-json\/wp\/v2\/users\/16"}],"replies":[{"embeddable":true,"href":"https:\/\/www.fonabosque.gob.bo\/index.php\/wp-json\/wp\/v2\/comments?post=17504"}],"version-history":[{"count":2,"href":"https:\/\/www.fonabosque.gob.bo\/index.php\/wp-json\/wp\/v2\/pages\/17504\/revisions"}],"predecessor-version":[{"id":17670,"href":"https:\/\/www.fonabosque.gob.bo\/index.php\/wp-json\/wp\/v2\/pages\/17504\/revisions\/17670"}],"wp:attachment":[{"href":"https:\/\/www.fonabosque.gob.bo\/index.php\/wp-json\/wp\/v2\/media?parent=17504"}],"curies":[{"name":"wp","href":"https:\/\/api.w.org\/{rel}","templated":true}]}}