{"id":321,"date":"2024-04-05T21:30:47","date_gmt":"2024-04-05T19:30:47","guid":{"rendered":"http:\/\/localhost\/?page_id=321"},"modified":"2025-09-12T17:14:07","modified_gmt":"2025-09-12T21:14:07","slug":"breve-historia-o-resena-sobre-la-creacion-y-evolucion-de-la-entidad","status":"publish","type":"page","link":"https:\/\/www.fonabosque.gob.bo\/index.php\/breve-historia-o-resena-sobre-la-creacion-y-evolucion-de-la-entidad\/","title":{"rendered":"Rese\u00f1a Hist\u00f3rica"},"content":{"rendered":"\n<p><\/p>\n\n\n\n<p><\/p>\n\n\n\n<p>El <strong>Fondo Nacional de Desarrollo Forestal (FONABOSQUE)<\/strong> fue creado mediante la <strong>Ley N\u00b0 1700 del 12 de julio de 1996<\/strong>, como una entidad p\u00fablica con personalidad jur\u00eddica de derecho p\u00fablico y autonom\u00eda t\u00e9cnica, administrativa, econ\u00f3mica y financiera, bajo la tuici\u00f3n del <strong>Ministerio de Medio Ambiente y Agua (MMAyA) <\/strong>con el objetivo de promover, administrar y otorgar recursos financieros para proyectos de conservaci\u00f3n, protecci\u00f3n y manejo sustentable de bosques con enfoque de gesti\u00f3n integral de cuencas, acciones de forestaci\u00f3n y reforestaci\u00f3n, recuperaci\u00f3n de suelos degradados en \u00e1reas forestales, manejo integral del fuego y acciones vinculadas de investigaci\u00f3n, asistencia t\u00e9cnica y transferencia de tecnolog\u00eda.<\/p>\n\n\n\n<p>Su creaci\u00f3n respondi\u00f3 a la necesidad de <strong>promover mecanismos de financiamiento destinados al uso sostenible, conservaci\u00f3n y recuperaci\u00f3n de los bosques y tierras forestales del pa\u00eds<\/strong>.<\/p>\n\n\n\n<p>Desde entonces, FONABOSQUE ha desempe\u00f1ado un papel fundamental en el <strong>cofinanciamiento de programas y proyectos estrat\u00e9gicos<\/strong>, orientados a la <strong>forestaci\u00f3n, reforestaci\u00f3n, manejo integral del fuego, restauraci\u00f3n de suelos degradados, investigaci\u00f3n y transferencia tecnol\u00f3gica<\/strong>, contribuyendo a una <strong>gesti\u00f3n integral de cuencas<\/strong> y al fortalecimiento de la resiliencia ambiental.<\/p>\n\n\n\n<p>En el marco del <strong>Plan de Desarrollo Econ\u00f3mico y Social (PDES) 2021-2025<\/strong> y de la <strong>Estrategia Nacional de Forestaci\u00f3n y Reforestaci\u00f3n 2016-2030<\/strong>, la instituci\u00f3n impulsa acciones que buscan ampliar la cobertura forestal, restaurar ecosistemas y mejorar las condiciones de vida de la poblaci\u00f3n, bajo el principio de <strong>armon\u00eda con la Madre Tierra<\/strong>.<\/p>\n\n\n\n<p class=\"has-medium-font-size\">Hoy, FONABOSQUE se consolida como un <strong>instrumento estrat\u00e9gico del Estado Plurinacional de Bolivia<\/strong> para la <strong>conservaci\u00f3n, protecci\u00f3n y manejo sostenible de los bosques<\/strong>, fortaleciendo alianzas con las <strong>Entidades Territoriales Aut\u00f3nomas (ETAs)<\/strong> y promoviendo la sostenibilidad como base del desarrollo nacional.<\/p>\n\n\n\n<figure class=\"wp-block-gallery has-nested-images columns-default is-cropped wp-block-gallery-1 is-layout-flex wp-block-gallery-is-layout-flex\">\n<figure class=\"wp-block-image size-large\"><img loading=\"lazy\" decoding=\"async\" width=\"1024\" height=\"683\" data-id=\"18080\" src=\"http:\/\/192.168.179.253:8080\/wp-content\/uploads\/2025\/09\/FON7029-1024x683.jpg\" alt=\"\" class=\"wp-image-18080\" srcset=\"https:\/\/www.fonabosque.gob.bo\/wp-content\/uploads\/2025\/09\/FON7029-1024x683.jpg 1024w, https:\/\/www.fonabosque.gob.bo\/wp-content\/uploads\/2025\/09\/FON7029-300x200.jpg 300w, https:\/\/www.fonabosque.gob.bo\/wp-content\/uploads\/2025\/09\/FON7029-768x512.jpg 768w, https:\/\/www.fonabosque.gob.bo\/wp-content\/uploads\/2025\/09\/FON7029-1536x1024.jpg 1536w, https:\/\/www.fonabosque.gob.bo\/wp-content\/uploads\/2025\/09\/FON7029-2048x1365.jpg 2048w\" sizes=\"auto, (max-width: 1024px) 100vw, 1024px\" \/><\/figure>\n\n\n\n<figure class=\"wp-block-image size-large\"><img loading=\"lazy\" decoding=\"async\" width=\"1024\" height=\"683\" data-id=\"18081\" src=\"http:\/\/192.168.179.253:8080\/wp-content\/uploads\/2025\/09\/bd315f15-8643-48d9-a235-08b464acb5ac-1024x683.jpg\" alt=\"\" class=\"wp-image-18081\" srcset=\"https:\/\/www.fonabosque.gob.bo\/wp-content\/uploads\/2025\/09\/bd315f15-8643-48d9-a235-08b464acb5ac-1024x683.jpg 1024w, https:\/\/www.fonabosque.gob.bo\/wp-content\/uploads\/2025\/09\/bd315f15-8643-48d9-a235-08b464acb5ac-300x200.jpg 300w, https:\/\/www.fonabosque.gob.bo\/wp-content\/uploads\/2025\/09\/bd315f15-8643-48d9-a235-08b464acb5ac-768x512.jpg 768w, https:\/\/www.fonabosque.gob.bo\/wp-content\/uploads\/2025\/09\/bd315f15-8643-48d9-a235-08b464acb5ac-1536x1024.jpg 1536w, https:\/\/www.fonabosque.gob.bo\/wp-content\/uploads\/2025\/09\/bd315f15-8643-48d9-a235-08b464acb5ac-2048x1365.jpg 2048w\" sizes=\"auto, (max-width: 1024px) 100vw, 1024px\" \/><\/figure>\n\n\n\n<figure class=\"wp-block-image size-large\"><img loading=\"lazy\" decoding=\"async\" width=\"1024\" height=\"768\" data-id=\"18079\" src=\"http:\/\/192.168.179.253:8080\/wp-content\/uploads\/2025\/09\/457168378_934195385386956_1787090074223614521_n-1024x768.jpg\" alt=\"\" class=\"wp-image-18079\" srcset=\"https:\/\/www.fonabosque.gob.bo\/wp-content\/uploads\/2025\/09\/457168378_934195385386956_1787090074223614521_n-1024x768.jpg 1024w, https:\/\/www.fonabosque.gob.bo\/wp-content\/uploads\/2025\/09\/457168378_934195385386956_1787090074223614521_n-300x225.jpg 300w, https:\/\/www.fonabosque.gob.bo\/wp-content\/uploads\/2025\/09\/457168378_934195385386956_1787090074223614521_n-768x576.jpg 768w, https:\/\/www.fonabosque.gob.bo\/wp-content\/uploads\/2025\/09\/457168378_934195385386956_1787090074223614521_n-1536x1152.jpg 1536w, https:\/\/www.fonabosque.gob.bo\/wp-content\/uploads\/2025\/09\/457168378_934195385386956_1787090074223614521_n.jpg 2048w\" sizes=\"auto, (max-width: 1024px) 100vw, 1024px\" \/><\/figure>\n<\/figure>\n\n\n\n<p><\/p>\n","protected":false},"excerpt":{"rendered":"<p>El Fondo Nacional de Desarrollo Forestal (FONABOSQUE) fue creado mediante la Ley N\u00b0 1700 del 12 de julio de 1996, como una entidad p\u00fablica con personalidad jur\u00eddica de derecho p\u00fablico y autonom\u00eda t\u00e9cnica, administrativa, econ\u00f3mica y financiera, bajo la tuici\u00f3n del Ministerio de Medio Ambiente y Agua (MMAyA) con el objetivo de promover, administrar y [&hellip;]<\/p>\n","protected":false},"author":16,"featured_media":0,"parent":0,"menu_order":0,"comment_status":"closed","ping_status":"closed","template":"","meta":{"_acf_changed":false,"footnotes":""},"class_list":["post-321","page","type-page","status-publish","hentry"],"acf":[],"_links":{"self":[{"href":"https:\/\/www.fonabosque.gob.bo\/index.php\/wp-json\/wp\/v2\/pages\/321","targetHints":{"allow":["GET"]}}],"collection":[{"href":"https:\/\/www.fonabosque.gob.bo\/index.php\/wp-json\/wp\/v2\/pages"}],"about":[{"href":"https:\/\/www.fonabosque.gob.bo\/index.php\/wp-json\/wp\/v2\/types\/page"}],"author":[{"embeddable":true,"href":"https:\/\/www.fonabosque.gob.bo\/index.php\/wp-json\/wp\/v2\/users\/16"}],"replies":[{"embeddable":true,"href":"https:\/\/www.fonabosque.gob.bo\/index.php\/wp-json\/wp\/v2\/comments?post=321"}],"version-history":[{"count":21,"href":"https:\/\/www.fonabosque.gob.bo\/index.php\/wp-json\/wp\/v2\/pages\/321\/revisions"}],"predecessor-version":[{"id":18085,"href":"https:\/\/www.fonabosque.gob.bo\/index.php\/wp-json\/wp\/v2\/pages\/321\/revisions\/18085"}],"wp:attachment":[{"href":"https:\/\/www.fonabosque.gob.bo\/index.php\/wp-json\/wp\/v2\/media?parent=321"}],"curies":[{"name":"wp","href":"https:\/\/api.w.org\/{rel}","templated":true}]}}